first derivative of v**3/3 + v**2/2 - 8. Give u(0).
0
Let a(j) = 5*j**2 - 26*j - 4. Let s(h) = -2*h**2 + 9*h + 1. Let u(d) = 3*a(d) + 8*s(d). Calculate u(-4).
4
Let h be 1/(-1*1/3). Let l(b) = 6*b - 4. Let y(m) be the second derivative of m**3/6 + 5*m. Let r(u) = -l(u) + 8*y(u). What is r(h)?
-2
Let d(k) = -k**2 - 22*k + 25. Let u be d(-23). Let p(s) be the first derivative of 4/3*s**3 + 2*s**u + 3*s + 4 + 1/2*s**4. Calculate p(-2).
-5
Let o(k) = k. Let g(w) = 6 - w + 3 - 4 - 4. Let r be g(3). What is o(r)?
-2
Suppose 2*w = 52 - 40. Let n(k) = k**3 + k**2 - k - 1. Let m(p) = -7*p**3 + 7*p + 3. Let h(r) = -m(r) - 6*n(r). What is h(w)?
-3
Let f(r) = -9*r**2 + 2*r - 1. Let t = -5 - 3. Let i be 1 + 0 - t/8. Suppose 5*b = i*b + 3. What is f(b)?
-8
Let q(a) = a - 5. Let d(t) = t - 1. Let x be (-12)/(-15)*10/4. Let j be d(x). Let p be (-2 - j) + 6/(-3). What is q(p)?
-10
Suppose 2 - 14 = -3*w. Let n(z) = z + 2. What is n(w)?
6
Let j = 4 - 3. Let d(x) be the second derivative of x**3/2 - 3*x. Calculate d(j).
3
Let t = 7 + -4. Suppose t*u = 7*u. Suppose w + 1 + 1 = u. Let m(x) = x**3 + 4*x**2 + 2*x - 2. Calculate m(w).
2
Let c(d) = 4*d - 6*d - 1 + 0 + d. Let y(p) = p**2 + p. Let s be y(-1). Calculate c(s).
-1
Let s(z) = -z**3 + 5*z**2 + 6*z + 6. Let o be (6/4 + -2)*(-120)/10. Give s(o).
6
Let d(v) = 0*v + 4*v**2 + 0 + v**3 - 3*v - 7 + 2. Calculate d(-4).
7
Let m(p) = -p + 3. Let a be m(2). Let v(q) = 10 - 2 - a + 2*q. Give v(-5).
-3
Let s(b) be the third derivative of b**5/60 + 5*b**4/24 - 5*b**3/6 - 27*b**2. What is s(-6)?
1
Let n(t) = t. Let l = 8 - 5. Suppose -l*f + f = 0. Suppose -q - 3 = f, 0 = -4*o + 3*o - 5*q - 20. Calculate n(o).
-5
Let l(w) = -2*w. Let s be l(-4). Let j(t) = t**3 - 9*t**2 + 8*t + 3. What is j(s)?
3
Suppose -h - 10 = -5*d, -8*h - 10 = -4*h - 5*d. Let g(k) = k**2 - k - 2. What is g(h)?
-2
Let p(j) = 2*j - 4 + 3*j - 4*j. Let a be -20*2/(-8)*1. Calculate p(a).
1
Let m(b) be the third derivative of 1/720*b**6 + 0 + 0*b + 0*b**3 + 1/120*b**5 - 1/24*b**4 + 2*b**2. Let k(h) be the second derivative of m(h). Calculate k(-5).
-4
Suppose 0*b + h = -b + 11, 5*b - 71 = 3*h. Suppose 3 = -5*w + b. Let v(a) = -4*a**2 - a**2 - a + 2 + 0*a**w + 4*a**2. Calculate v(-2).
0
Let q(f) = f**3 - 4*f**2 - 5*f. Let m(b) = -b**2 - 5*b. Let a be m(-6). Let k(t) = t**2 + 6*t + 5. Let d be k(a). Give q(d).
0
Let s(b) = b**3 + 6*b**2 - 9*b - 3. Suppose -10 = -2*x - 24. Determine s(x).
11
Suppose -s = -5*f + 8*f + 28, -2*f + 4*s = 14. Let d = 14 + f. Let y(w) = 1 - 1 + w + 2. What is y(d)?
7
Let h(j) be the third derivative of -j**4/24 - j**3/2 + 4*j**2. Calculate h(0).
-3
Let n = 1 + 3. Let s(a) = 15 + a - 8 - 13. Calculate s(n).
-2
Let n(p) = p + 4. Let h be n(-4). Let r(x) = 6 - 9 + x + 11 + x**2. Determine r(h).
8
Suppose 2*n + 2 - 8 = 0. Let o(b) = b**2 - b. Calculate o(n).
6
Let d = 35 + -14. Suppose 0 = -4*k + 5*v + 21, -4*k + d = k - v. Let j(o) be the third derivative of o**6/120 - o**5/15 + o**4/12 - o**2. Give j(k).
8
Let z(c) = c**3 + 4*c**2 - 6*c - 3. Let s be z(-5). Let x(u) = -7*u - 6*u**2 + 0*u**2 + 8 + 7*u**s. Suppose -4*v + 10 + 14 = 0. What is x(v)?
2
Let r be (3 - 2) + (-2 - -2). Let k(g) = -4 + r - 2 + 5*g + 3. Calculate k(2).
8
Let x(b) be the second derivative of b**4/12 + b**3/3 + 3*b**2/2 - b. Let q be (-25)/7 - 52/(-91). Determine x(q).
6
Let l(p) = p**3 + p**2 - 4*p + 1. Suppose -3*j = -4*t + 5 - 8, 2*j + 21 = -5*t. Calculate l(j).
-5
Let p(f) = f**2 + 2*f - 4. Let v be p(-4). Let m be v - ((-8)/4)/1. Let a(x) = -3*x + 9. What is a(m)?
-9
Let r(w) be the third derivative of -w**7/5040 + w**5/12 - 3*w**2. Let d(b) be the third derivative of r(b). Calculate d(-1).
1
Let z(h) be the third derivative of -h**5/60 + h**4/24 - h**2. Let p = -18 - -20. Let i be 0 + p + (0 - 0). What is z(i)?
-2
Let b(h) = 4*h - 2. Let t be -3*(-4)/(-3) + 0. Calculate b(t).
-18
Suppose 3 + 2 = -4*w + t, 5*w + 4*t = -22. Let g(i) = -7*i - 1. What is g(w)?
13
Suppose -3*k + 0*k = 18. Let b(z) = -6*z**2 + 3*z - 4. Let i(a) = -7*a**2 + 4*a - 5. Let q(n) = k*b(n) + 5*i(n). Determine q(-2).
-1
Let b(s) be the first derivative of 2 - 5*s + s**2 + 0*s**2 + 4*s. Suppose 3*x - 4*r = 3, 0 = 6*r - 4*r + 6. What is b(x)?
-7
Let a(l) = -8*l + 1. Suppose 2*t = 5*d - 34, -2*t - 16 = d - 3*d. Let w = -4 + d. Suppose n - w = -n. What is a(n)?
-7
Let b(n) = -16*n**2 - 2*n + 0*n + 15*n**2 + 3. Determine b(-3).
0
Let l(r) = -7*r**2 + 5*r + 2. Let t(a) = 20*a**2 - 15*a - 5. Let p(y) = -17*l(y) - 6*t(y). Calculate p(4).
0
Let p be (-16)/3 - (-6)/18. Let x(n) = 2*n - 6. Let r(s) = 3*s - 5 - 8 + 1. Let y(w) = 4*r(w) - 7*x(w). Determine y(p).
4
Let t(x) = 4*x - 3. Let k(s) = -s + 2. Let u be k(0). Let w be (u/4)/((-2)/(-8)). Let z(a) = -1. Let v(f) = w*z(f) - t(f). Determine v(-2).
9
Let f(w) be the second derivative of -w**6/720 + w**5/120 - w**4/6 - 5*w. Let q(v) be the third derivative of f(v). Give q(0).
1
Let g(l) = l**3 - 5*l**2 + l + 2. Let k(w) = w. Let s(d) = g(d) + k(d). Let p be 6/1*8/12. Suppose -z + 3*n = 11, z = -z + p*n - 12. Give s(z).
-6
Let n(h) = -4*h - 1. Let z(r) = -r - 3*r**3 - 10 - 3*r + 3*r + 2*r**3 - 12*r**2. Let g be z(-12). What is n(g)?
-9
Let p(w) = -w - 1. Let m(o) = -o**3 - 10*o**2 + o + 12. Let j be m(-10). Suppose 2 = 3*x + 4*t - j, -x = -t + 1. What is p(x)?
-1
Let r(q) be the third derivative of -q**7/840 + q**6/72 + q**5/40 - q**4/8 + 4*q**3/3 + 2*q**2. Let d(b) be the first derivative of r(b). What is d(5)?
12
Let f(q) = q + 1. Let g be 2*(9/(-6) - -4) + 2. What is f(g)?
8
Let y(r) be the third derivative of r**6/120 - r**5/60 - r**4/12 - r**3/3 - 3*r**2. Give y(-2).
-10
Suppose 0 = -0*b + 4*b - 8. Let w(k) = 2 + 0 + 4*k - k**b + 3. Calculate w(5).
0
Let a(w) = -46*w - 12 + 2 + 45*w. Let k = 7 - 12. Determine a(k).
-5
Let n(m) = 2*m**2 + m - 1. Let o be -3*((-19)/3 - -2). Suppose 5*h - 3 = -o. Give n(h).
5
Suppose -3*b = 5*c - 32, c + 0*c + 2*b = 12. Let w be 2/c*-2 + 3. Let f(k) = -2*k - 5 + 2 - k**2 - w*k + 8*k. Calculate f(3).
0
Let w(p) = p**2 - 4 + 6*p + 17 - 12. Calculate w(-5).
-4
Let b(f) = 7 + 8*f**2 - 6*f - 5*f**2 - 4*f**2. Give b(-7).
0
Let d(a) = a**2 + a + 1. Let k = 14 + -9. Suppose -5*l - 1 - k = -4*p, 2*l + 9 = -5*p. Let o(c) = -c. Let s(f) = p*d(f) - o(f). Determine s(1).
-2
Let h(z) = -15*z + 23. Let u(b) = 5*b - 8. Let d(j) = 6*h(j) + 17*u(j). What is d(2)?
-8
Let k(g) = -3*g**3 + 15*g**2 + g + 9. Let z(h) = 5*h**3 - 23*h**2 - h - 14. Let o be 1/(16/(-20) + 1). Let c(v) = o*z(v) + 8*k(v). Give c(-2).
8
Suppose 2*c = -c - 39. Let p = 20 + c. Let q = 3 - p. Let i(v) = -3*v - 5. Give i(q).
7
Let u(j) = 7*j**2 - 13*j - 6. Let s(b) = 15*b**2 - 27*b - 12. Let p(k) = -6*s(k) + 13*u(k). Determine p(7).
-6
Suppose -2*q + 0*x = x - 8, 16 = 4*q + 3*x. Let p(b) = q*b + 2*b**2 - 4*b**2 + b**2. Let d(t) = t + 11. Let h be d(-8). What is p(h)?
3
Let q(d) = -2*d - 1. Let f(l) = l. Let o(s) = 6*f(s) + q(s). What is o(-3)?
-13
Suppose -14 = -3*c + 1. Let n(w) = w - 7. Determine n(c).
-2
Let v(i) be the first derivative of -i**2/2 + 10*i + 11. Give v(7).
3
Let b be ((-9)/(-6))/(1/2). Suppose b*j - 4 = j. Let q(l) = -l - 3 + 4*l**2 - j*l**2 + 2. Calculate q(2).
5
Let h = 8 - 11. Let n be (1 + h)*(-7)/(-2). Let f = n - -4. Let k(a) = -a**2 - 2*a + 3. What is k(f)?
0
Suppose 16 = -6*v + 4*v. Let k = v - -12. Suppose 0*z - 4 = -k*z. Let b(a) = -3*a**3 + 1. Determine b(z).
-2
Let w(l) = 2*l - 2 + 0 + 1. Suppose 0*y = y - 8. Suppose -2*r + y = 2. Give w(r).
5
Let q(z) = z**2 + z + 7. Let b(s) = -s**3 + 4*s**2 - 2*s - 3. Let o be b(3). Let l = o - 0. Give q(l).
7
Let a(j) = -2*j + 5. Let s(i) = -i**2 + 5*i + 5. Let y be s(6). Let u be y/((-15)/6 + 2). Suppose -20 = -2*m - u*m. Calculate a(m).
-5
Let o(m) = m**3 + m**2 + m + 3. Suppose 3*g + 8 = 5*g + 4*k, -2*g = -3*k - 8. Let c = g - 4. Give o(c).
3
Let x(r) = r + 10. Let j be x(-7). Suppose -4*u - 26 = -2*d, 3*u - j*d = -17 - 10. Let k(b) = -b**3 + 22*b - 7*b**2 + 3*b**2 - 5 - 21*b. Calculate k(u).
-9
Let a(f) be the second derivative of -f**4/6 - 5*f**3/6 - f**2 + 4*f + 3. Let w(h) = 2*h + 9. Let u(d) = 2*d. Let i be u(-3). Let x be w(i). Give a(x).
-5
Let v be (4 - 3)/(3/12). Suppose 3*a = -3*l + 6, -v*l - 20 = -6*a + 3*a. Let h(t) = 2*t - 3*t + a*t - 4*t - 10. What is h(-5)?
-5
Suppose 0 = f - 3